ainder when 1079 is divided by 86?
47
What is the remainder when 23 is divided by 5?
3
Calculate the remainder when 1364 is divided by 199.
170
Calculate the remainder when 171 is divided by 83.
5
What is the remainder when 1814 is divided by 55?
54
What is the remainder when 350 is divided by 22?
20
Calculate the remainder when 623 is divided by 19.
15
What is the remainder when 759 is divided by 267?
225
What is the remainder when 18668 is divided by 49?
48
Calculate the remainder when 124 is divided by 61.
2
What is the remainder when 244 is divided by 115?
14
Calculate the remainder when 51 is divided by 41.
10
What is the remainder when 488 is divided by 238?
12
Calculate the remainder when 1429 is divided by 119.
1
Calculate the remainder when 22 is divided by 22.
0
What is the remainder when 151 is divided by 18?
7
What is the remainder when 965 is divided by 16?
5
What is the remainder when 2239 is divided by 56?
55
Calculate the remainder when 303 is divided by 17.
14
What is the remainder when 106 is divided by 45?
16
Calculate the remainder when 127 is divided by 3.
1
Calculate the remainder when 980 is divided by 26.
18
Calculate the remainder when 417 is divided by 47.
41
Calculate the remainder when 13155 is divided by 92.
91
Calculate the remainder when 503 is divided by 56.
55
What is the remainder when 29 is divided by 10?
9
Calculate the remainder when 524 is divided by 45.
29
Calculate the remainder when 2898 is divided by 27.
9
Calculate the remainder when 686 is divided by 176.
158
What is the remainder when 3 is divided by 1?
0
Calculate the remainder when 3267 is divided by 26.
17
Calculate the remainder when 215 is divided by 55.
50
What is the remainder when 158 is divided by 92?
66
Calculate the remainder when 164 is divided by 10.
4
Calculate the remainder when 671 is divided by 163.
19
Calculate the remainder when 20 is divided by 12.
8
What is the remainder when 14533 is divided by 85?
83
What is the remainder when 101 is divided by 41?
19
Calculate the remainder when 21581 is divided by 198.
197
What is the remainder when 100 is divided by 7?
2
What is the remainder when 208 is divided by 36?
28
What is the remainder when 30 is divided by 29?
1
What is the remainder when 537 is divided by 43?
21
What is the remainder when 234 is divided by 59?
57
What is the remainder when 264 is divided by 124?
16
Calculate the remainder when 3118 is divided by 1026.
40
What is the remainder when 108399 is divided by 406?
403
What is the remainder when 535 is divided by 79?
61
Calculate the remainder when 15742 is divided by 4.
2
What is the remainder when 152 is divided by 55?
42
What is the remainder when 151 is divided by 30?
1
What is the remainder when 737 is divided by 15?
2
What is the remainder when 2603 is divided by 22?
7
What is the remainder when 4103 is divided by 171?
170
What is the remainder when 382 is divided by 11?
8
Calculate the remainder when 195 is divided by 18.
15
What is the remainder when 1476 is divided by 10?
6
Calculate the remainder when 61 is divided by 14.
5
Calculate the remainder when 798 is divided by 100.
98
Calculate the remainder when 55 is divided by 22.
11
Calculate the remainder when 417 is divided by 106.
99
What is the remainder when 6730 is divided by 34?
32
What is the remainder when 12609 is divided by 97?
96
What is the remainder when 421 is divided by 47?
45
What is the remainder when 1278 is divided by 61?
58
What is the remainder when 2537 is divided by 845?
2
What is the remainder when 459 is divided by 19?
3
Calculate the remainder when 1138 is divided by 31.
22
Calculate the remainder when 103 is divided by 27.
22
Calculate the remainder when 76 is divided by 32.
12
Calculate the remainder when 215 is divided by 10.
5
Calculate the remainder when 13 is divided by 7.
6
What is the remainder when 142 is divided by 24?
22
Calculate the remainder when 3379 is divided by 169.
168
What is the remainder when 1197 is divided by 50?
47
Calculate the remainder when 71 is divided by 41.
30
What is the remainder when 133 is divided by 59?
15
Calculate the remainder when 325 is divided by 320.
5
What is the remainder when 47 is divided by 33?
14
Calculate the remainder when 17851 is divided by 113.
110
Calculate the remainder when 220 is divided by 17.
16
What is the remainder when 296 is divided by 50?
46
Calculate the remainder when 287 is divided by 24.
23
Calculate the remainder when 3375 is divided by 7.
1
Calculate the remainder when 20 is divided by 14.
6
What is the remainder when 652 is divided by 315?
22
Calculate the remainder when 1139 is divided by 52.
47
Calculate the remainder when 275 is divided by 36.
23
What is the remainder when 6310 is divided by 12?
10
Calculate the remainder when 874 is divided by 88.
82
What is the remainder when 572 is divided by 64?
60
What is the remainder when 16684 is divided by 18?
16
What is the remainder when 101 is divided by 34?
33
What is the remainder when 2922 is divided by 43?
41
What is the remainder when 79 is divided by 17?
11
What is the remainder when 65 is divided by 51?
14
What is the remainder when 1307 is divided by 117?
20
Calculate the remainder when 1801 is divided by 19.
15
What is the remainder when 161 is divided by 15?
11
Calculate the remainder when 57 is divided by 16.
9
Calculate the remainder when 171 is divided by 35.
31
Calculate the remainder when 1596 is divided by 41.
38
What is the remainder when 398 is divided by 99?
2
What is the remainder when 41 is divided by 16?
9
What is the remainder when 900 is divided by 41?
39
What is the remainder when 1599 is divided by 229?
225
What is the remainder when 58 is divided by 41?
17
Calculate the remainder when 4908 is divided by 45.
3
Calculate the remainder when 875 is divided by 88.
83
What is the remainder when 309 is divided by 62?
61
Calculate the remainder when 122 is divided by 42.
38
Calculate the remainder when 358 is divided by 19.
16
What is the remainder when 303 is divided by 22?
17
What is the remainder when 367 is divided by 64?
47
Calculate the remainder when 67 is divided by 27.
13
Calculate the remainder when 333 is divided by 21.
18
Calculate the remainder when 467 is divided by 170.
127
What is the remainder when 500 is divided by 42?
38
Calculate the remainder when 1553 is divided by 771.
11
Calculate the remainder when 514 is divided by 40.
34
Calculate the remainder when 1281 is divided by 638.
5
What is the remainder when 6839 is divided by 10?
9
What is the remainder when 87 is divided by 31?
25
Calculate the remainder when 106 is divided by 46.
14
Calculate the remainder when 168 is divided by 9.
6
What is the remainder when 121 is divided by 60?
1
Calculate the remainder when 296 is divided by 11.
10
Calculate the remainder when 3498 is divided by 577.
36
Calculate the remainder when 148 is divided by 8.
4
Calculate the remainder when 789 is divided by 39.
9
Calculate the remainder when 740 is divided by 75.
65
Calculate the remainder when 789 is divided by 134.
119
What is the remainder when 1503 is divided by 26?
21
What is the remainder when 179 is divided by 40?
19
Calculate the remainder when 222 is divided by 78.
66
Calculate the remainder when 601 is divided by 149.
5
What is the remainder when 296 is divided by 31?
17
What is the remainder when 164 is divided by 34?
28
What is the remainder when 172 is divided by 7?
4
What is the remainder when 1514 is divided by 38?
32
Calculate the remainder when 3345 is divided by 134.
129
Calculate the remainder when 131 is divided by 28.
19
Calculate the remainder when 140 is divided by 49.
42
What is the remainder when 279 is divided by 18?
9
Calculate the remainder when 79 is divided by 50.
29
What is the remainder when 151 is divided by 22?
19
What is the remainder when 677 is divided by 18?
11
Calculate the remainder when 411 is divided by 59.
57
What is the remainder when 2539 is divided by 423?
1
Calculate the remainder when 191 is divided by 39.
35
Calculate the remainder when 3145 is divided by 123.
70
Calculate the remainder when 137 is divided by 28.
25
What is the remainder when 1355 is divided by 64?
11
Calculate the remainder when 992 is divided by 73.
43
Calculate the remainder